{"id":2,"date":"2021-09-19T01:54:20","date_gmt":"2021-09-18T23:54:20","guid":{"rendered":"http:\/\/b-vouak.com\/?page_id=2"},"modified":"2022-11-20T15:32:24","modified_gmt":"2022-11-20T14:32:24","slug":"page-d-exemple","status":"publish","type":"page","link":"https:\/\/b-vouak.com\/","title":{"rendered":"Un trek pour vous c&rsquo;est loin et cher? Vous vous trompez!"},"content":{"rendered":"\n<p>Un trek c&rsquo;est partir sur plusieurs jours et dormir dehors, en camping ou en refuge. C&rsquo;est ce que nous vous proposons chez B vouaK, et en Belgique!<\/p>\n\n\n\n<p>Un weekend d&rsquo;aventure \u00e0 la d\u00e9couverte des coins les plus sauvages de Belgique. Nous sommes aussi conscient qu&rsquo;il faut favoriser un tourisme plus durable qui n&rsquo;implique pas de partir r\u00eaver \u00e0 l&rsquo;autre bout de la plan\u00e8te et nous apportons un soin particulier \u00e0 limiter l&rsquo;impact \u00e9cologique de nos weekend (nourriture bio et\/ou locale, limitation de la quantit\u00e9 de d\u00e9chets,&#8230;).<\/p>\n\n\n\n<p>Une exp\u00e9rience physique d&rsquo;abord mais aussi une \u00e9vasion hors de votre quotidien en vivant au rythme de la nature.<\/p>\n\n\n\n<p class=\"has-text-align-left\">Bref, que vous n&rsquo;ayez jamais fait de randonn\u00e9e sur plusieurs jours, que vous soyez aguerris ou que votre seule exp\u00e9rience ait \u00e9t\u00e9 une mauvaise exp\u00e9rience n&rsquo;h\u00e9sitez plus et joignez vous \u00e0 nous!<\/p>\n\n\n\n<h4>Qui sommes nous?<\/h4>\n\n\n\n<p>Passionn\u00e9s de nuits en for\u00eat et de nature, nous avons \u00e0 c\u0153ur de vous faire d\u00e9couvrir que la Wallonie c&rsquo;est aussi une terre d&rsquo;aventure o\u00f9 l&rsquo;on peut encore vivre des moments de libert\u00e9 et de d\u00e9paysement. <\/p>\n\n\n\n<div class=\"wp-block-columns\">\n<div class=\"wp-block-column\">\n<figure class=\"wp-block-image size-large\"><img loading=\"lazy\" width=\"1024\" height=\"1024\" src=\"https:\/\/b-vouak.com\/wp-content\/uploads\/2022\/11\/Untitled-design1-1024x1024.png\" alt=\"\" class=\"wp-image-359\" srcset=\"https:\/\/b-vouak.com\/wp-content\/uploads\/2022\/11\/Untitled-design1-1024x1024.png 1024w, https:\/\/b-vouak.com\/wp-content\/uploads\/2022\/11\/Untitled-design1-300x300.png 300w, https:\/\/b-vouak.com\/wp-content\/uploads\/2022\/11\/Untitled-design1-150x150.png 150w, https:\/\/b-vouak.com\/wp-content\/uploads\/2022\/11\/Untitled-design1-768x768.png 768w, https:\/\/b-vouak.com\/wp-content\/uploads\/2022\/11\/Untitled-design1-200x200.png 200w, https:\/\/b-vouak.com\/wp-content\/uploads\/2022\/11\/Untitled-design1-100x100.png 100w, https:\/\/b-vouak.com\/wp-content\/uploads\/2022\/11\/Untitled-design1-40x40.png 40w, https:\/\/b-vouak.com\/wp-content\/uploads\/2022\/11\/Untitled-design1.png 1080w\" sizes=\"(max-width: 1024px) 100vw, 1024px\" \/><\/figure>\n<\/div>\n\n\n\n<div class=\"wp-block-column\">\n<figure class=\"wp-block-image size-large\"><img loading=\"lazy\" width=\"2560\" height=\"2556\" src=\"https:\/\/b-vouak.com\/wp-content\/uploads\/2022\/11\/P7280086-edited-scaled.jpg\" alt=\"\" class=\"wp-image-356\" srcset=\"https:\/\/b-vouak.com\/wp-content\/uploads\/2022\/11\/P7280086-edited-scaled.jpg 2560w, https:\/\/b-vouak.com\/wp-content\/uploads\/2022\/11\/P7280086-edited-300x300.jpg 300w, https:\/\/b-vouak.com\/wp-content\/uploads\/2022\/11\/P7280086-edited-1024x1022.jpg 1024w, https:\/\/b-vouak.com\/wp-content\/uploads\/2022\/11\/P7280086-edited-150x150.jpg 150w, https:\/\/b-vouak.com\/wp-content\/uploads\/2022\/11\/P7280086-edited-768x767.jpg 768w, https:\/\/b-vouak.com\/wp-content\/uploads\/2022\/11\/P7280086-edited-1536x1533.jpg 1536w, https:\/\/b-vouak.com\/wp-content\/uploads\/2022\/11\/P7280086-edited-2048x2044.jpg 2048w, https:\/\/b-vouak.com\/wp-content\/uploads\/2022\/11\/P7280086-edited-200x200.jpg 200w, https:\/\/b-vouak.com\/wp-content\/uploads\/2022\/11\/P7280086-edited-100x100.jpg 100w, https:\/\/b-vouak.com\/wp-content\/uploads\/2022\/11\/P7280086-edited-40x40.jpg 40w\" sizes=\"(max-width: 2560px) 100vw, 2560px\" \/><\/figure>\n<\/div>\n<\/div>\n\n\n\n<div class=\"wp-block-buttons is-content-justification-center\">\n<div class=\"wp-block-button\"><a class=\"wp-block-button__link has-black-color has-text-color has-background\" href=\"https:\/\/b-vouak.com\/index.php\/inscription-a-la-newsletter\/\" style=\"border-radius:5px;background-color:#8bd15c\">Je m&rsquo;inscris \u00e0 la newsletter pour \u00eatre tenu au courant des randos<\/a><\/div>\n<\/div>\n\n\n\n<p><\/p>\n","protected":false},"excerpt":{"rendered":"<p>Un trek c&rsquo;est partir sur plusieurs jours et dormir dehors, en camping ou en refuge. C&rsquo;est ce que nous vous proposons chez B vouaK, et en Belgique! Un weekend d&rsquo;aventure \u00e0 la d\u00e9couverte des coins les plus sauvages de Belgique. Nous sommes aussi conscient qu&rsquo;il faut favoriser un tourisme plus durable qui n&rsquo;implique pas de <a class=\"more-link\" href=\"https:\/\/b-vouak.com\/\">Lire plus &#8230;<\/a><\/p>\n","protected":false},"author":1,"featured_media":0,"parent":0,"menu_order":0,"comment_status":"closed","ping_status":"open","template":"","meta":[],"yoast_head":"<!-- This site is optimized with the Yoast SEO plugin v17.8 - https:\/\/yoast.com\/wordpress\/plugins\/seo\/ -->\n<title>Un trek pour vous c&#039;est loin et cher? Vous vous trompez! - B vouaK<\/title>\n<meta name=\"robots\" content=\"index, follow, max-snippet:-1, max-image-preview:large, max-video-preview:-1\" \/>\n<link rel=\"canonical\" href=\"https:\/\/b-vouak.com\/\" \/>\n<meta property=\"og:locale\" content=\"fr_FR\" \/>\n<meta property=\"og:type\" content=\"article\" \/>\n<meta property=\"og:title\" content=\"Un trek pour vous c&#039;est loin et cher? Vous vous trompez! - B vouaK\" \/>\n<meta property=\"og:description\" content=\"Un trek c&rsquo;est partir sur plusieurs jours et dormir dehors, en camping ou en refuge. C&rsquo;est ce que nous vous proposons chez B vouaK, et en Belgique! Un weekend d&rsquo;aventure \u00e0 la d\u00e9couverte des coins les plus sauvages de Belgique. Nous sommes aussi conscient qu&rsquo;il faut favoriser un tourisme plus durable qui n&rsquo;implique pas de Lire plus ...\" \/>\n<meta property=\"og:url\" content=\"https:\/\/b-vouak.com\/\" \/>\n<meta property=\"og:site_name\" content=\"B vouaK\" \/>\n<meta property=\"article:modified_time\" content=\"2022-11-20T14:32:24+00:00\" \/>\n<meta property=\"og:image\" content=\"http:\/\/b-vouak.com\/wp-content\/uploads\/2022\/11\/Untitled-design1-1024x1024.png\" \/>\n<meta name=\"twitter:card\" content=\"summary_large_image\" \/>\n<meta name=\"twitter:label1\" content=\"Dur\u00e9e de lecture estim\u00e9e\" \/>\n\t<meta name=\"twitter:data1\" content=\"2 minutes\" \/>\n<script type=\"application\/ld+json\" class=\"yoast-schema-graph\">{\"@context\":\"https:\/\/schema.org\",\"@graph\":[{\"@type\":\"WebSite\",\"@id\":\"https:\/\/b-vouak.com\/#website\",\"url\":\"https:\/\/b-vouak.com\/\",\"name\":\"B vouaK\",\"description\":\"Cr\\u00e9ateurs d&#039;aventure\",\"potentialAction\":[{\"@type\":\"SearchAction\",\"target\":{\"@type\":\"EntryPoint\",\"urlTemplate\":\"https:\/\/b-vouak.com\/?s={search_term_string}\"},\"query-input\":\"required name=search_term_string\"}],\"inLanguage\":\"fr-FR\"},{\"@type\":\"ImageObject\",\"@id\":\"https:\/\/b-vouak.com\/#primaryimage\",\"inLanguage\":\"fr-FR\",\"url\":\"http:\/\/b-vouak.com\/wp-content\/uploads\/2022\/11\/Untitled-design1-1024x1024.png\",\"contentUrl\":\"http:\/\/b-vouak.com\/wp-content\/uploads\/2022\/11\/Untitled-design1-1024x1024.png\"},{\"@type\":\"WebPage\",\"@id\":\"https:\/\/b-vouak.com\/#webpage\",\"url\":\"https:\/\/b-vouak.com\/\",\"name\":\"Un trek pour vous c'est loin et cher? Vous vous trompez! - B vouaK\",\"isPartOf\":{\"@id\":\"https:\/\/b-vouak.com\/#website\"},\"primaryImageOfPage\":{\"@id\":\"https:\/\/b-vouak.com\/#primaryimage\"},\"datePublished\":\"2021-09-18T23:54:20+00:00\",\"dateModified\":\"2022-11-20T14:32:24+00:00\",\"breadcrumb\":{\"@id\":\"https:\/\/b-vouak.com\/#breadcrumb\"},\"inLanguage\":\"fr-FR\",\"potentialAction\":[{\"@type\":\"ReadAction\",\"target\":[\"https:\/\/b-vouak.com\/\"]}]},{\"@type\":\"BreadcrumbList\",\"@id\":\"https:\/\/b-vouak.com\/#breadcrumb\",\"itemListElement\":[{\"@type\":\"ListItem\",\"position\":1,\"name\":\"Accueil\",\"item\":\"https:\/\/b-vouak.com\/\"},{\"@type\":\"ListItem\",\"position\":2,\"name\":\"Un trek pour vous c&rsquo;est loin et cher? Vous vous trompez!\"}]}]}<\/script>\n<!-- \/ Yoast SEO plugin. -->","yoast_head_json":{"title":"Un trek pour vous c'est loin et cher? Vous vous trompez! - B vouaK","robots":{"index":"index","follow":"follow","max-snippet":"max-snippet:-1","max-image-preview":"max-image-preview:large","max-video-preview":"max-video-preview:-1"},"canonical":"https:\/\/b-vouak.com\/","og_locale":"fr_FR","og_type":"article","og_title":"Un trek pour vous c'est loin et cher? Vous vous trompez! - B vouaK","og_description":"Un trek c&rsquo;est partir sur plusieurs jours et dormir dehors, en camping ou en refuge. C&rsquo;est ce que nous vous proposons chez B vouaK, et en Belgique! Un weekend d&rsquo;aventure \u00e0 la d\u00e9couverte des coins les plus sauvages de Belgique. Nous sommes aussi conscient qu&rsquo;il faut favoriser un tourisme plus durable qui n&rsquo;implique pas de Lire plus ...","og_url":"https:\/\/b-vouak.com\/","og_site_name":"B vouaK","article_modified_time":"2022-11-20T14:32:24+00:00","og_image":[{"url":"http:\/\/b-vouak.com\/wp-content\/uploads\/2022\/11\/Untitled-design1-1024x1024.png"}],"twitter_card":"summary_large_image","twitter_misc":{"Dur\u00e9e de lecture estim\u00e9e":"2 minutes"},"schema":{"@context":"https:\/\/schema.org","@graph":[{"@type":"WebSite","@id":"https:\/\/b-vouak.com\/#website","url":"https:\/\/b-vouak.com\/","name":"B vouaK","description":"Cr\u00e9ateurs d&#039;aventure","potentialAction":[{"@type":"SearchAction","target":{"@type":"EntryPoint","urlTemplate":"https:\/\/b-vouak.com\/?s={search_term_string}"},"query-input":"required name=search_term_string"}],"inLanguage":"fr-FR"},{"@type":"ImageObject","@id":"https:\/\/b-vouak.com\/#primaryimage","inLanguage":"fr-FR","url":"http:\/\/b-vouak.com\/wp-content\/uploads\/2022\/11\/Untitled-design1-1024x1024.png","contentUrl":"http:\/\/b-vouak.com\/wp-content\/uploads\/2022\/11\/Untitled-design1-1024x1024.png"},{"@type":"WebPage","@id":"https:\/\/b-vouak.com\/#webpage","url":"https:\/\/b-vouak.com\/","name":"Un trek pour vous c'est loin et cher? Vous vous trompez! - B vouaK","isPartOf":{"@id":"https:\/\/b-vouak.com\/#website"},"primaryImageOfPage":{"@id":"https:\/\/b-vouak.com\/#primaryimage"},"datePublished":"2021-09-18T23:54:20+00:00","dateModified":"2022-11-20T14:32:24+00:00","breadcrumb":{"@id":"https:\/\/b-vouak.com\/#breadcrumb"},"inLanguage":"fr-FR","potentialAction":[{"@type":"ReadAction","target":["https:\/\/b-vouak.com\/"]}]},{"@type":"BreadcrumbList","@id":"https:\/\/b-vouak.com\/#breadcrumb","itemListElement":[{"@type":"ListItem","position":1,"name":"Accueil","item":"https:\/\/b-vouak.com\/"},{"@type":"ListItem","position":2,"name":"Un trek pour vous c&rsquo;est loin et cher? Vous vous trompez!"}]}]}},"_links":{"self":[{"href":"https:\/\/b-vouak.com\/index.php\/wp-json\/wp\/v2\/pages\/2"}],"collection":[{"href":"https:\/\/b-vouak.com\/index.php\/wp-json\/wp\/v2\/pages"}],"about":[{"href":"https:\/\/b-vouak.com\/index.php\/wp-json\/wp\/v2\/types\/page"}],"author":[{"embeddable":true,"href":"https:\/\/b-vouak.com\/index.php\/wp-json\/wp\/v2\/users\/1"}],"replies":[{"embeddable":true,"href":"https:\/\/b-vouak.com\/index.php\/wp-json\/wp\/v2\/comments?post=2"}],"version-history":[{"count":7,"href":"https:\/\/b-vouak.com\/index.php\/wp-json\/wp\/v2\/pages\/2\/revisions"}],"predecessor-version":[{"id":365,"href":"https:\/\/b-vouak.com\/index.php\/wp-json\/wp\/v2\/pages\/2\/revisions\/365"}],"wp:attachment":[{"href":"https:\/\/b-vouak.com\/index.php\/wp-json\/wp\/v2\/media?parent=2"}],"curies":[{"name":"wp","href":"https:\/\/api.w.org\/{rel}","templated":true}]}}